{"id":329,"date":"2025-01-10T12:37:06","date_gmt":"2025-01-10T15:37:06","guid":{"rendered":"https:\/\/www.e-academy.cl\/?page_id=329"},"modified":"2025-01-10T15:58:41","modified_gmt":"2025-01-10T18:58:41","slug":"mma","status":"publish","type":"page","link":"https:\/\/www.e-academy.cl\/index.php\/mma\/","title":{"rendered":"MMA"},"content":{"rendered":"<div class=\"breadcrumbs alignwide  wp-block-bcn-breadcrumb-trail has-text-color has-background\" vocab=\"https:\/\/schema.org\/\" typeof=\"BreadcrumbList\">\n\t<span><\/span>\n\t<span property=\"itemListElement\" typeof=\"ListItem\"><a property=\"item\" typeof=\"WebPage\" title=\"Ir a EDGE COMBAT SYSTEMS ACADEMY.\" href=\"https:\/\/www.e-academy.cl\" class=\"home\" ><span property=\"name\">EDGE COMBAT SYSTEMS ACADEMY<\/span><\/a><meta property=\"position\" content=\"1\"><\/span> &gt; <span property=\"itemListElement\" typeof=\"ListItem\"><a property=\"item\" typeof=\"WebPage\" title=\"Ir a Disciplinas.\" href=\"https:\/\/www.e-academy.cl\/index.php\/disciplinas\/\" class=\"post-root post post-post\" aria-current=\"page\"><span property=\"name\">Disciplinas<\/span><\/a><meta property=\"position\" content=\"2\"><\/span><\/div>\n\n\n\n<div class=\"wp-block-columns alignfull is-layout-flex wp-container-core-columns-is-layout-28f84493 wp-block-columns-is-layout-flex\">\n<div class=\"wp-block-column is-layout-flow wp-block-column-is-layout-flow\" style=\"flex-basis:50%\">\n<div class=\"wp-block-cover is-light\" style=\"min-height:600px;aspect-ratio:unset;\"><span aria-hidden=\"true\" class=\"wp-block-cover__background has-background-dim-100 has-background-dim\" style=\"background-color:#f6f6f6\"><\/span><div class=\"wp-block-cover__inner-container is-layout-flow wp-block-cover-is-layout-flow\">\n<figure class=\"wp-block-image aligncenter size-full\"><img loading=\"lazy\" decoding=\"async\" width=\"960\" height=\"1247\" src=\"https:\/\/www.e-academy.cl\/wp-content\/uploads\/2025\/01\/mma.jpg\" alt=\"\" class=\"wp-image-333\" srcset=\"https:\/\/www.e-academy.cl\/wp-content\/uploads\/2025\/01\/mma.jpg 960w, https:\/\/www.e-academy.cl\/wp-content\/uploads\/2025\/01\/mma-231x300.jpg 231w, https:\/\/www.e-academy.cl\/wp-content\/uploads\/2025\/01\/mma-788x1024.jpg 788w, https:\/\/www.e-academy.cl\/wp-content\/uploads\/2025\/01\/mma-768x998.jpg 768w\" sizes=\"auto, (max-width: 960px) 100vw, 960px\" \/><\/figure>\n<\/div><\/div>\n<\/div>\n\n\n\n<div class=\"wp-block-column is-vertically-aligned-center is-layout-flow wp-block-column-is-layout-flow\" style=\"padding-top:1em;padding-right:1em;padding-bottom:1em;padding-left:1em\">\n<div class=\"wp-block-columns is-layout-flex wp-container-core-columns-is-layout-28f84493 wp-block-columns-is-layout-flex\">\n<div class=\"wp-block-column is-layout-flow wp-block-column-is-layout-flow\" style=\"flex-basis:320px\">\n<h2 class=\"wp-block-heading\">MMA<\/h2>\n\n\n\n<p class=\"has-small-font-size\" style=\"line-height:1.6\">MMA son las siglas en ingl\u00e9s de Mixed Martial Arts y se refieren a las&nbsp;artes marciales mixtas, un deporte de combate que combina t\u00e9cnicas de diversas disciplinas.&nbsp;<\/p>\n\n\n\n<p class=\"has-small-font-size\" style=\"line-height:1.6\">Las MMA son una disciplina muy completa que incluye t\u00e9cnicas de golpeo y lucha de una gran variedad de artes marciales, como el boxeo tailand\u00e9s, el judo, el jiu jitsu brasile\u00f1o y el boxeo.&nbsp;Los competidores pueden usar una gran variedad de movimientos y estrategias para vencer a sus oponentes.&nbsp;<\/p>\n\n\n\n<h2 class=\"wp-block-heading\">Beneficios<\/h2>\n\n\n\n<p><\/p>\n\n\n\n<ul class=\"wp-block-list\">\n<li>Mejora la condici\u00f3n f\u00edsica<\/li>\n\n\n\n<li>Fortalece el sistema inmunol\u00f3gico<\/li>\n\n\n\n<li>Mejora la salud mental<\/li>\n\n\n\n<li>Ayuda a perder peso<\/li>\n\n\n\n<li>Ayuda a desarrollar habilidades<strong> <\/strong>sociales<\/li>\n\n\n\n<li>Ayuda a aprender defensa personal<\/li>\n\n\n\n<li>Ayuda a desarrollar autodisciplina<\/li>\n\n\n\n<li>Puede ser terap\u00e9utico<\/li>\n<\/ul>\n<\/div>\n<\/div>\n<\/div>\n<\/div>\n","protected":false},"excerpt":{"rendered":"<p>MMA MMA son las siglas en ingl\u00e9s de Mixed Martial Arts y se refieren a [&hellip;]<\/p>\n","protected":false},"author":1,"featured_media":0,"parent":0,"menu_order":0,"comment_status":"closed","ping_status":"closed","template":"","meta":{"footnotes":""},"class_list":["post-329","page","type-page","status-publish","hentry"],"_links":{"self":[{"href":"https:\/\/www.e-academy.cl\/index.php\/wp-json\/wp\/v2\/pages\/329","targetHints":{"allow":["GET"]}}],"collection":[{"href":"https:\/\/www.e-academy.cl\/index.php\/wp-json\/wp\/v2\/pages"}],"about":[{"href":"https:\/\/www.e-academy.cl\/index.php\/wp-json\/wp\/v2\/types\/page"}],"author":[{"embeddable":true,"href":"https:\/\/www.e-academy.cl\/index.php\/wp-json\/wp\/v2\/users\/1"}],"replies":[{"embeddable":true,"href":"https:\/\/www.e-academy.cl\/index.php\/wp-json\/wp\/v2\/comments?post=329"}],"version-history":[{"count":4,"href":"https:\/\/www.e-academy.cl\/index.php\/wp-json\/wp\/v2\/pages\/329\/revisions"}],"predecessor-version":[{"id":431,"href":"https:\/\/www.e-academy.cl\/index.php\/wp-json\/wp\/v2\/pages\/329\/revisions\/431"}],"wp:attachment":[{"href":"https:\/\/www.e-academy.cl\/index.php\/wp-json\/wp\/v2\/media?parent=329"}],"curies":[{"name":"wp","href":"https:\/\/api.w.org\/{rel}","templated":true}]}}