{"id":568,"date":"2025-05-16T12:14:37","date_gmt":"2025-05-16T15:14:37","guid":{"rendered":"https:\/\/www.e-academy.cl\/?page_id=568"},"modified":"2025-05-16T12:34:35","modified_gmt":"2025-05-16T15:34:35","slug":"aros-y-columpio-aereos","status":"publish","type":"page","link":"https:\/\/www.e-academy.cl\/index.php\/aros-y-columpio-aereos\/","title":{"rendered":"AROS Y COLUMPIO A\u00c9REOS"},"content":{"rendered":"<div class=\"breadcrumbs alignwide  wp-block-bcn-breadcrumb-trail has-text-color has-background\" vocab=\"https:\/\/schema.org\/\" typeof=\"BreadcrumbList\">\n\t<span><\/span>\n\t<span property=\"itemListElement\" typeof=\"ListItem\"><a property=\"item\" typeof=\"WebPage\" title=\"Ir a EDGE COMBAT SYSTEMS ACADEMY.\" href=\"https:\/\/www.e-academy.cl\" class=\"home\" ><span property=\"name\">EDGE COMBAT SYSTEMS ACADEMY<\/span><\/a><meta property=\"position\" content=\"1\"><\/span> &gt; <span property=\"itemListElement\" typeof=\"ListItem\"><a property=\"item\" typeof=\"WebPage\" title=\"Ir a Disciplinas.\" href=\"https:\/\/www.e-academy.cl\/index.php\/disciplinas\/\" class=\"post-root post post-post\" aria-current=\"page\"><span property=\"name\">Disciplinas<\/span><\/a><meta property=\"position\" content=\"2\"><\/span><\/div>\n\n\n\n<div class=\"wp-block-columns alignfull is-layout-flex wp-container-core-columns-is-layout-6b4fa1cc wp-block-columns-is-layout-flex\" style=\"padding-top:1em;padding-right:1em;padding-bottom:1em;padding-left:1em\">\n<div class=\"wp-block-column has-background is-layout-flow wp-block-column-is-layout-flow\" style=\"background-color:#f6f6f6;padding-top:1em;padding-right:1em;padding-bottom:1em;padding-left:1em\">\n<figure class=\"wp-block-image aligncenter size-large is-resized\"><img loading=\"lazy\" decoding=\"async\" width=\"1024\" height=\"683\" src=\"https:\/\/www.e-academy.cl\/wp-content\/uploads\/2025\/05\/variacion-de-yoga-sarpasana-plantean-en-la-hamaca-1024x683.jpg\" alt=\"\" class=\"wp-image-569\" style=\"aspect-ratio:0.75;object-fit:cover;width:545px;height:auto\" srcset=\"https:\/\/www.e-academy.cl\/wp-content\/uploads\/2025\/05\/variacion-de-yoga-sarpasana-plantean-en-la-hamaca-1024x683.jpg 1024w, https:\/\/www.e-academy.cl\/wp-content\/uploads\/2025\/05\/variacion-de-yoga-sarpasana-plantean-en-la-hamaca-300x200.jpg 300w, https:\/\/www.e-academy.cl\/wp-content\/uploads\/2025\/05\/variacion-de-yoga-sarpasana-plantean-en-la-hamaca-768x512.jpg 768w, https:\/\/www.e-academy.cl\/wp-content\/uploads\/2025\/05\/variacion-de-yoga-sarpasana-plantean-en-la-hamaca-1536x1024.jpg 1536w, https:\/\/www.e-academy.cl\/wp-content\/uploads\/2025\/05\/variacion-de-yoga-sarpasana-plantean-en-la-hamaca-2048x1365.jpg 2048w\" sizes=\"auto, (max-width: 1024px) 100vw, 1024px\" \/><\/figure>\n<\/div>\n\n\n\n<div class=\"wp-block-column is-layout-flow wp-block-column-is-layout-flow\" style=\"padding-top:1em;padding-right:1em;padding-bottom:1em;padding-left:1em;flex-basis:40%\">\n<h2 class=\"wp-block-heading\">AROS Y COLUMPIO A\u00c9REOS<\/h2>\n\n\n\n<p class=\"has-small-font-size\" style=\"line-height:1.6\">La disciplina de aros y columpios a\u00e9reos, tambi\u00e9n conocida como acrobacia a\u00e9rea, es una pr\u00e1ctica circense y deportiva que combina elementos de danza, teatro, gimnasia y acrobacia. Se trata de una actividad en suspensi\u00f3n donde se utiliza un aro met\u00e1lico o un columpio de tela para realizar una variedad de movimientos, figuras y secuencias acrob\u00e1ticas.<\/p>\n\n\n\n<p>La disciplina de aros y columpios a\u00e9reos tiene una gran variedad de aplicaciones, desde el entretenimiento circense hasta la actividad f\u00edsica y la rehabilitaci\u00f3n. Se puede practicar en clases individuales o grupales, y se adapta a diferentes niveles de experiencia.<\/p>\n\n\n\n<h2 class=\"wp-block-heading\">Beneficios<\/h2>\n\n\n\n<p><\/p>\n\n\n\n<ul class=\"wp-block-list\">\n<li>Mejora la flexibilidad y movilidad<\/li>\n\n\n\n<li>Fortalece los m\u00fasculos<\/li>\n\n\n\n<li>Aumenta el equilibrio y la coordinaci\u00f3n<\/li>\n\n\n\n<li>Reducci\u00f3n del estr\u00e9s y mejora del bienestar<\/li>\n\n\n\n<li>Mejora la circulaci\u00f3n y la respiraci\u00f3n<\/li>\n\n\n\n<li>Estimula la conciencia corporal<\/li>\n\n\n\n<li>Puede ayudar a aliviar dolores de espalda<\/li>\n\n\n\n<li>Potencia la creatividad y la confianza en uno mismo<\/li>\n<\/ul>\n<\/div>\n<\/div>\n","protected":false},"excerpt":{"rendered":"<p>AROS Y COLUMPIO A\u00c9REOS La disciplina de aros y columpios a\u00e9reos, tambi\u00e9n conocida como acrobacia [&hellip;]<\/p>\n","protected":false},"author":1,"featured_media":0,"parent":0,"menu_order":0,"comment_status":"closed","ping_status":"closed","template":"","meta":{"footnotes":""},"class_list":["post-568","page","type-page","status-publish","hentry"],"_links":{"self":[{"href":"https:\/\/www.e-academy.cl\/index.php\/wp-json\/wp\/v2\/pages\/568","targetHints":{"allow":["GET"]}}],"collection":[{"href":"https:\/\/www.e-academy.cl\/index.php\/wp-json\/wp\/v2\/pages"}],"about":[{"href":"https:\/\/www.e-academy.cl\/index.php\/wp-json\/wp\/v2\/types\/page"}],"author":[{"embeddable":true,"href":"https:\/\/www.e-academy.cl\/index.php\/wp-json\/wp\/v2\/users\/1"}],"replies":[{"embeddable":true,"href":"https:\/\/www.e-academy.cl\/index.php\/wp-json\/wp\/v2\/comments?post=568"}],"version-history":[{"count":6,"href":"https:\/\/www.e-academy.cl\/index.php\/wp-json\/wp\/v2\/pages\/568\/revisions"}],"predecessor-version":[{"id":592,"href":"https:\/\/www.e-academy.cl\/index.php\/wp-json\/wp\/v2\/pages\/568\/revisions\/592"}],"wp:attachment":[{"href":"https:\/\/www.e-academy.cl\/index.php\/wp-json\/wp\/v2\/media?parent=568"}],"curies":[{"name":"wp","href":"https:\/\/api.w.org\/{rel}","templated":true}]}}