{"id":609,"date":"2025-07-18T00:56:47","date_gmt":"2025-07-18T03:56:47","guid":{"rendered":"https:\/\/www.e-academy.cl\/?page_id=609"},"modified":"2025-07-18T01:37:25","modified_gmt":"2025-07-18T04:37:25","slug":"sambo","status":"publish","type":"page","link":"https:\/\/www.e-academy.cl\/index.php\/sambo\/","title":{"rendered":"SAMBO"},"content":{"rendered":"<div class=\"breadcrumbs alignwide  wp-block-bcn-breadcrumb-trail has-text-color has-background\" vocab=\"https:\/\/schema.org\/\" typeof=\"BreadcrumbList\">\n\t<span><\/span>\n\t<span property=\"itemListElement\" typeof=\"ListItem\"><a property=\"item\" typeof=\"WebPage\" title=\"Ir a EDGE COMBAT SYSTEMS ACADEMY.\" href=\"https:\/\/www.e-academy.cl\" class=\"home\" ><span property=\"name\">EDGE COMBAT SYSTEMS ACADEMY<\/span><\/a><meta property=\"position\" content=\"1\"><\/span> &gt; <span property=\"itemListElement\" typeof=\"ListItem\"><a property=\"item\" typeof=\"WebPage\" title=\"Ir a Disciplinas.\" href=\"https:\/\/www.e-academy.cl\/index.php\/disciplinas\/\" class=\"post-root post post-post\" aria-current=\"page\"><span property=\"name\">Disciplinas<\/span><\/a><meta property=\"position\" content=\"2\"><\/span><\/div>\n\n\n\n<div class=\"wp-block-columns alignwide is-layout-flex wp-container-core-columns-is-layout-44468703 wp-block-columns-is-layout-flex\" style=\"padding-top:var(--wp--preset--spacing--10);padding-right:var(--wp--preset--spacing--10);padding-bottom:var(--wp--preset--spacing--10);padding-left:var(--wp--preset--spacing--10)\">\n<div class=\"wp-block-column has-background is-layout-flow wp-container-core-column-is-layout-9c29ac00 wp-block-column-is-layout-flow\" style=\"background-color:#f6f6f6;padding-top:0px;padding-right:var(--wp--preset--spacing--10);padding-bottom:0px;padding-left:var(--wp--preset--spacing--10)\">\n<figure class=\"wp-block-image size-full\" style=\"margin-top:var(--wp--preset--spacing--10);margin-bottom:var(--wp--preset--spacing--10)\"><img loading=\"lazy\" decoding=\"async\" width=\"1494\" height=\"1292\" src=\"https:\/\/www.e-academy.cl\/wp-content\/uploads\/2025\/07\/SAMBO1.jpg\" alt=\"\" class=\"wp-image-615\" style=\"aspect-ratio:9\/16;object-fit:cover\" srcset=\"https:\/\/www.e-academy.cl\/wp-content\/uploads\/2025\/07\/SAMBO1.jpg 1494w, https:\/\/www.e-academy.cl\/wp-content\/uploads\/2025\/07\/SAMBO1-300x259.jpg 300w, https:\/\/www.e-academy.cl\/wp-content\/uploads\/2025\/07\/SAMBO1-1024x886.jpg 1024w, https:\/\/www.e-academy.cl\/wp-content\/uploads\/2025\/07\/SAMBO1-768x664.jpg 768w\" sizes=\"auto, (max-width: 1494px) 100vw, 1494px\" \/><\/figure>\n<\/div>\n\n\n\n<div class=\"wp-block-column is-layout-flow wp-block-column-is-layout-flow\">\n<h2 class=\"wp-block-heading\">SAMBO<\/h2>\n\n\n\n<p>El sambo es un arte marcial de origen ruso que significa &#8220;autodefensa sin armas&#8221;. Combina t\u00e9cnicas de lucha libre, judo, jiu-jitsu, y otras disciplinas, enfoc\u00e1ndose en agarres, proyecciones y sumisiones. El sambo no solo ofrece beneficios f\u00edsicos como mejora de la fuerza, resistencia y flexibilidad, sino tambi\u00e9n desarrollo mental, incluyendo disciplina, concentraci\u00f3n y confianza en uno mismo. Adem\u00e1s, el sambo se considera eficaz en situaciones de combate real debido a sus t\u00e9cnicas pr\u00e1cticas y su enfoque en la defensa personal.<\/p>\n\n\n\n<h2 class=\"wp-block-heading\">Beneficios del Sambo:<\/h2>\n\n\n\n<p><strong>Mejora f\u00edsica:<br><\/strong>El sambo ayuda a desarrollar fuerza, resistencia, flexibilidad, equilibrio y coordinaci\u00f3n.<br><strong>Autodefensa:<br><\/strong>Ofrece t\u00e9cnicas eficaces para la defensa personal en situaciones reales, incluyendo agarres, proyecciones y golpes (en el caso del sambo de combate).<br><strong>Desarrollo mental:<br><\/strong>El sambo promueve la disciplina, la concentraci\u00f3n, la paciencia, la resiliencia emocional y la confianza en uno mismo.<br><strong>Salud general:<br><\/strong>La pr\u00e1ctica regular de sambo contribuye a una mejor condici\u00f3n f\u00edsica general y puede mejorar la salud cardiovascular.<br><strong>Desarrollo de habilidades:<br><\/strong>Mejora la capacidad de reacci\u00f3n, la agilidad y la conciencia corporal.<\/p>\n<\/div>\n<\/div>\n","protected":false},"excerpt":{"rendered":"<p>SAMBO El sambo es un arte marcial de origen ruso que significa &#8220;autodefensa sin armas&#8221;. [&hellip;]<\/p>\n","protected":false},"author":1,"featured_media":0,"parent":0,"menu_order":0,"comment_status":"closed","ping_status":"closed","template":"","meta":{"footnotes":""},"class_list":["post-609","page","type-page","status-publish","hentry"],"_links":{"self":[{"href":"https:\/\/www.e-academy.cl\/index.php\/wp-json\/wp\/v2\/pages\/609","targetHints":{"allow":["GET"]}}],"collection":[{"href":"https:\/\/www.e-academy.cl\/index.php\/wp-json\/wp\/v2\/pages"}],"about":[{"href":"https:\/\/www.e-academy.cl\/index.php\/wp-json\/wp\/v2\/types\/page"}],"author":[{"embeddable":true,"href":"https:\/\/www.e-academy.cl\/index.php\/wp-json\/wp\/v2\/users\/1"}],"replies":[{"embeddable":true,"href":"https:\/\/www.e-academy.cl\/index.php\/wp-json\/wp\/v2\/comments?post=609"}],"version-history":[{"count":8,"href":"https:\/\/www.e-academy.cl\/index.php\/wp-json\/wp\/v2\/pages\/609\/revisions"}],"predecessor-version":[{"id":636,"href":"https:\/\/www.e-academy.cl\/index.php\/wp-json\/wp\/v2\/pages\/609\/revisions\/636"}],"wp:attachment":[{"href":"https:\/\/www.e-academy.cl\/index.php\/wp-json\/wp\/v2\/media?parent=609"}],"curies":[{"name":"wp","href":"https:\/\/api.w.org\/{rel}","templated":true}]}}